**3 + 4*w**2 + 110*w + 18. List the prime factors of l(9).
2, 3, 317
Let m be (180/780)/((-1)/(-13)). Suppose 4*y = -5*q + 6026, m*q = -0*q + y + 3619. What are the prime factors of q?
2, 3, 67
Let o(p) be the second derivative of p**5/10 - 2*p**4/3 + 4*p**3/3 - 5*p**2/2 + 7*p. Let n(y) = 2*y - 9. Let z be n(7). List the prime factors of o(z).
5, 17
Let y be (6/(-4))/(12/(-96)). List the prime factors of 4/y*9*36.
2, 3
Let g be (-12)/(-21) + (-50)/14 - 1. Let a be (-3)/(-9)*(g + 4). Suppose -42 = 3*u + o - 547, a = -4*u - 4*o + 676. What are the prime factors of u?
2, 3, 7
Suppose 4 = b, b - 7072 = 3*x - 36309. What are the prime factors of x?
3, 19
Let o(b) = -b**3 + 15*b**2 + 2*b - 8. Let s be o(15). Let y = s + -19. Let z(t) = 6*t - 4. List the prime factors of z(y).
2, 7
Suppose -b = -3, -k = 4*b - 0*b + 147. Suppose -5*m + 801 = -3*v - 8*m, v + 267 = -4*m. Let u = k - v. What are the prime factors of u?
2, 3
Let o = 2270 + 354. List the prime factors of o.
2, 41
Suppose -3*n - 2*y + 17 = 0, -n - 2 = 3*y - 10. Suppose 3*m - 2964 = 3*j, 3*m - 205 = n*j + 2767. List the prime factors of m.
2, 3, 41
Let x = 114 + -112. Suppose 4*p + 5822 = -4*s + x*p, 2*s + 2901 = -3*p. List the prime factors of s/(-7) - (-12)/(-42).
2, 13
Let y(r) = 13*r**3 - 4*r**2 + 9*r - 30. Suppose 5*l - 11 = 3*l - t, -4*t + 12 = 0. What are the prime factors of y(l)?
2, 3, 43
Suppose 2*z + 5*y - 2 - 26 = 0, 5*y - 32 = -3*z. Let p(u) = -z*u + 2*u**2 - 17 - 4 - 5*u. What are the prime factors of p(-8)?
179
Let s(n) = 4188*n - 408. What are the prime factors of s(2)?
2, 3, 83
Let y(p) be the third derivative of -11*p**4/24 - 20*p**3 + 3*p**2 - 11*p. What are the prime factors of y(-16)?
2, 7
Let d = -14053 - -30060. List the prime factors of d.
16007
Let r(j) = 49*j**3 - 3*j**2 - 15*j + 30. List the prime factors of r(6).
2, 3, 7, 31
Let h(y) = -92*y - 447. What are the prime factors of h(-25)?
17, 109
Suppose 1386346 - 565757 = 92*n - 3395495. What are the prime factors of n?
45827
Suppose 5*z - 10*r - 74199 = -14*r, 5*r - 29700 = -2*z. List the prime factors of z.
3, 5, 23, 43
Suppose -3*q + 10 = -o, -2 + 6 = q - o. Suppose 2*m - x = -q*m + 1969, 5*x + 389 = m. What are the prime factors of m?
2, 197
Let a be (-1)/(-6)*2 + 25/15. Let u be a - 2/(-4) - 8/16. What are the prime factors of (-335)/(-2) - -3*u/(-4)?
2, 83
Suppose 4*d - 4*w - 23932 = 0, -d - w + 29885 = 4*d. List the prime factors of d.
2, 7, 61
Let w be 8/1*(-10 - 3). Let m = w - -104. Suppose 2*g - 12 - 6 = m. List the prime factors of g.
3
Let k = 85 + -86. Let r be (-24)/(-168) + ((-3688)/7)/k. Suppose 0 = 5*j - r - 653. What are the prime factors of j?
2, 59
Let s = 17330 - 9731. What are the prime factors of s?
3, 17, 149
Let u(o) = 5*o**2 + 9*o - 468. List the prime factors of u(32).
2, 5, 13, 19
Let p be -6*8/12 - -3*3. Let r be (-5)/p*2 - 78/2. What are the prime factors of 4/(-2) - (-18 + r)?
3, 19
Suppose 2*i + 3*i - 35274 = -v, -11*v = -5*i - 388374. What are the prime factors of v?
2, 3, 1471
Suppose 3*h - 17 + 5 = 0. Suppose 0 = -n - 1 - 1, 24 = h*u + 2*n. Suppose 0 = -z - 3*m + u*m + 75, -m = -z + 75. List the prime factors of z.
3, 5
Let q = 7155 + -3011. List the prime factors of q.
2, 7, 37
Let m = -45 + 24. List the prime factors of 224/m + 10 - (-1688)/3.
2, 281
Let x be 1 - ((-48)/(-6) - 2). Let v(s) = 19*s**2 - 6*s - 36. What are the prime factors of v(x)?
7, 67
Suppose 33*r - 47288 = 28*r + 36037. List the prime factors of r.
3, 5, 11, 101
Let m be (-1)/(-5) + (-13794)/(-55). Suppose -m = 7*b + 15. Let s = 47 + b. List the prime factors of s.
3
Suppose 0 = 5*p + v - 5*v + 821, -4*p + v - 659 = 0. What are the prime factors of (8/(-5))/(2/p)?
2, 3, 11
Suppose 133 + 1029 = 14*j. Let y = 132 - j. What are the prime factors of y?
7
Let w = 258 - -175. Let s be -3*(-5)/30 + 9/2. Suppose 1103 = s*t + w. What are the prime factors of t?
2, 67
Let i(b) = 425*b - 110. What are the prime factors of i(5)?
5, 13, 31
Let z(n) be the third derivative of 0 - 1/8*n**4 - 15*n**2 + 0*n + 17/6*n**3. What are the prime factors of z(0)?
17
Let f = -700 + 500. Let q = f + 372. List the prime factors of q.
2, 43
Let m(v) = -269104 + 269112 + v**3 + 4*v**2 - 3*v**2. Let u = 8 + -3. What are the prime factors of m(u)?
2, 79
Suppose -22698 = -7*n - 11*n. Let x = n + -886. List the prime factors of x.
3, 5
Suppose 198*y + 10*y = 9154912. List the prime factors of y.
2, 59, 373
Let w = 18054 + -17715. List the prime factors of w.
3, 113
Suppose -f - 49 = 4*x - 51, 3*f = x + 6. Suppose x = 5*l + 954 - 7594. List the prime factors of l.
2, 83
List the prime factors of 10/(-95) - 621384/(-76).
2, 7, 73
Let q(n) = -605*n**3 - 5*n**2 - 26*n - 9. What are the prime factors of q(-2)?
3, 1621
Suppose 26*g = 30*g + 160. List the prime factors of g/28 + 1 + 3727/7.
2, 7, 19
Let s(f) be the second derivative of f**7/2520 + f**6/720 + f**5/15 - 5*f**4/3 - 4*f. Let c(h) be the third derivative of s(h). List the prime factors of c(-5).
2, 7
Let f(x) = x**3 + 5*x**2 - 7. Let w be f(-4). Let p(a) = -11*a - 3. Let v(z) = -10*z - 4. Let y(m) = 5*p(m) - 6*v(m). List the prime factors of y(w).
2, 3
Suppose 343 = 5*v + 93. Suppose 0 = -4*n + 4*c + 756, 5*n = 4*c + 949 - 4. Let d = n - v. List the prime factors of d.
139
Let l = 61717 - 42211. List the prime factors of l.
2, 3, 3251
Suppose 79*k - 839370 + 211170 - 880700 = 0. What are the prime factors of k?
2, 5, 191
Suppose 532 + 12 = -4*y - 2*l, 5*y - 3*l + 669 = 0. Let n be 1/(-1) - (-4)/((-28)/(-77)). Let i = n - y. List the prime factors of i.
5, 29
Suppose 0 = 2*p - 8, 4*u + 0*p + 32 = 4*p. Let r be (153/18 + -1)*(-12)/15. List the prime factors of -6 + 112 - r/(u/2).
103
Suppose 213 = 4*v - 47. List the prime factors of (4 - v/15)*3 + 651.
2, 5, 13
Let x = 104 + -101. List the prime factors of (-1)/(x/((-4662)/6)).
7, 37
Suppose 3*v - 4*k - 59 = 0, 0 = -5*v + v - 5*k + 89. What are the prime factors of (4 - 7)*(-1855)/v?
5, 53
Let i(a) = 11*a + 19. Let y be i(8). What are the prime factors of (-30)/(-105)*(3 - -2*y)?
2, 31
What are the prime factors of (5/6 - 3/6) + (-17440640)/(-1785)?
3, 3257
Suppose 272 - 280 = -4*v. Suppose -3*a = -2*p + 27, v*a - 4 = 6. What are the prime factors of p?
3, 7
What are the prime factors of ((-6)/9)/(8/(-230922)) + 2/4?
2, 17, 283
Let o(a) = 42 + 28 - 30*a - 150 - a**2 + 45. List the prime factors of o(-25).
2, 3, 5
Let i be (-8)/6 - (-76)/(-114). Let o = i - -106. List the prime factors of o.
2, 13
Let j be (-6)/66 + 5550/(-55). Let t = j + 325. List the prime factors of t.
2, 7
Suppose 3*b = -2*g - 16, -2*g - 6 = -g + b. List the prime factors of ((-9)/6)/(g/356*1).
3, 89
Suppose 6*g - g - 20 = 0. Suppose -18 = -i - g*w - w, 4*w = i. Suppose -2*z + 5 = c - i, 48 = 3*c - 3*z. What are the prime factors of c?
3, 5
Suppose -4*o = 0, 3*o = -0*w + w - 26. Suppose -3*r - w = 64. List the prime factors of r/((-72)/(-702)*(-6)/4).
3, 5, 13
Suppose -5*l + 16*l - 192836 = -3*l. List the prime factors of l.
2, 71, 97
Let y(x) = 48*x - 76. Let f be y(3). Suppose 63*o + 2070 = f*o. What are the prime factors of o?
2, 3, 23
Suppose -2*h + 210264 = 4*m, 0 = -4*m + 9*h - 4*h + 210250. List the prime factors of m.
5, 10513
Let i(n) = -37*n**3 + 49*n**2 + 24*n + 18. What are the prime factors of i(-7)?
2, 31, 241
Let n = 7717 + -6378. What are the prime factors of n?
13, 103
Let v = 1676 + -934. Let f = v + -188. What are the prime factors of f?
2, 277
Let j(x) = -2*x + 605 + 0*x - 622. Let w be j(-9). What are the prime factors of w + (-1 - -30)*(-12)/(-2)?
5, 7
Let z(d) be the first derivative of d**2/2 - 18*d - 3. Let p be z(7). Let u = p + 79. What are the prime factors of u?
2, 17
What are the prime factors of (-246)/4428 - 630758/(-36)?
7, 2503
Let q be 2 - (-2 + -4 + (-16)/(-4)). Suppose q*a = 4*a - a. Suppose a = 3*n - 5*c - 268, -n + 2*c + 434 = 4*n. List the prime factors of n.
2, 43
Let i(j) = -14 + 13*j**2 - 4*j + 24 - 44 - j**3. What are the prime factors of i(8)?
2, 127
Suppose -10*o + 60 = -5*o. Suppose 102 - o = 2*g. Suppose -g*m = -46*m + 127. What are the prime factors of m?
127
Suppose 3*a = -13*o + 139482, -3*o - 93058 = -31*a + 29*a. List the prime factors of a.
2, 5, 1163
Let q(m) = 16*m + 449. List the prime factors of q(7).
3, 11,